{"id":14,"date":"2026-02-23T20:30:47","date_gmt":"2026-02-23T20:30:47","guid":{"rendered":"https:\/\/boldogbuldog.hu\/?page_id=14"},"modified":"2026-02-26T10:06:39","modified_gmt":"2026-02-26T10:06:39","slug":"rolunk","status":"publish","type":"page","link":"https:\/\/boldogbuldog.hu\/index.php\/rolunk\/","title":{"rendered":"R\u00f3lunk"},"content":{"rendered":"\t\t<div data-elementor-type=\"wp-page\" data-elementor-id=\"14\" class=\"elementor elementor-14\">\n\t\t\t\t<div class=\"elementor-element elementor-element-7283902 e-flex e-con-boxed e-con e-parent\" data-id=\"7283902\" data-element_type=\"container\" data-e-type=\"container\" data-settings=\"{&quot;background_background&quot;:&quot;classic&quot;}\">\n\t\t\t\t\t<div class=\"e-con-inner\">\n\t\t\t\t<div class=\"elementor-element elementor-element-9a3872f elementor-widget elementor-widget-heading\" data-id=\"9a3872f\" data-element_type=\"widget\" data-e-type=\"widget\" data-widget_type=\"heading.default\">\n\t\t\t\t\t<h2 class=\"elementor-heading-title elementor-size-default\">20 \u00e9ve az \u00e1llat \u00e9s a gazdik szolg\u00e1lat\u00e1ban<\/h2>\t\t\t\t<\/div>\n\t\t\t\t<div class=\"elementor-element elementor-element-decd46c elementor-widget elementor-widget-text-editor\" data-id=\"decd46c\" data-element_type=\"widget\" data-e-type=\"widget\" data-widget_type=\"text-editor.default\">\n\t\t\t\t\t\t\t\t\t<p>Ismerje meg a Boldog Buldog Kft t\u00f6rt\u00e9net\u00e9t \u00e9s k\u00fcldet\u00e9s\u00e9t<\/p>\t\t\t\t\t\t\t\t<\/div>\n\t\t\t\t\t<\/div>\n\t\t\t\t<\/div>\n\t\t<div class=\"elementor-element elementor-element-bbaf2a4 e-flex e-con-boxed e-con e-parent\" data-id=\"bbaf2a4\" data-element_type=\"container\" data-e-type=\"container\">\n\t\t\t\t\t<div class=\"e-con-inner\">\n\t\t\t\t<div class=\"elementor-element elementor-element-23f6587 elementor-widget elementor-widget-heading\" data-id=\"23f6587\" data-element_type=\"widget\" data-e-type=\"widget\" data-widget_type=\"heading.default\">\n\t\t\t\t\t<h2 class=\"elementor-heading-title elementor-size-default\">A t\u00f6rt\u00e9net\u00fcnk<\/h2>\t\t\t\t<\/div>\n\t\t\t\t<div class=\"elementor-element elementor-element-a7c5cad elementor-widget elementor-widget-text-editor\" data-id=\"a7c5cad\" data-element_type=\"widget\" data-e-type=\"widget\" data-widget_type=\"text-editor.default\">\n\t\t\t\t\t\t\t\t\t<p>A Boldog Buldog Kft. t\u00f6rt\u00e9nete 2006. augusztus 2-\u00e1n kezd\u0151d\u00f6tt, amikor \u00e1tvettem \u00e9s megnyitottam v\u00e1llalkoz\u00e1sunkat azzal a c\u00e9llal, hogy megb\u00edzhat\u00f3 h\u00e1tteret biztos\u00edtsunk az \u00e1llattart\u00f3k \u00e9s viszontelad\u00f3 partnereink sz\u00e1m\u00e1ra. Az\u00f3ta is azon dolgozunk, hogy minden gazdi megtal\u00e1lja n\u00e1lunk azt, amire kedvenc\u00e9nek sz\u00fcks\u00e9ge lehet a mindennapokban \u2013 legyen sz\u00f3 kuty\u00e1r\u00f3l, macsk\u00e1r\u00f3l, mad\u00e1rr\u00f3l, r\u00e1gcs\u00e1l\u00f3r\u00f3l vagy ak\u00e1r d\u00edszhalr\u00f3l. K\u00edn\u00e1latunkban \u00e1llateledelek, felszerel\u00e9sek, vitaminok \u00e9s k\u00fcl\u00f6nf\u00e9le kieg\u00e9sz\u00edt\u0151k sz\u00e9les v\u00e1laszt\u00e9ka tal\u00e1lhat\u00f3, melyeket gondosan v\u00e1logatunk \u00f6ssze megb\u00edzhat\u00f3 hazai \u00e9s k\u00fclf\u00f6ldi partnereinkt\u0151l. Sz\u00e1munkra nem csup\u00e1n a term\u00e9kek \u00e9rt\u00e9kes\u00edt\u00e9se fontos, hanem az is, hogy partnereink hossz\u00fa t\u00e1von sz\u00e1m\u00edthassanak r\u00e1nk. Hern\u00e1di telephely\u00fcnkr\u0151l gyors \u00e9s rugalmas kiszolg\u00e1l\u00e1st biztos\u00edtunk, hogy a sz\u00fcks\u00e9ges term\u00e9kek mindig id\u0151ben meg\u00e9rkezzenek. Hisz\u00fcnk abban, hogy a felel\u0151s \u00e1llattart\u00e1s alapja a megfelel\u0151 min\u0151s\u00e9g\u0171 t\u00e1pl\u00e1l\u00e1s \u00e9s felszerel\u00e9s \u2013 ebben szeretn\u00e9nk nap mint nap seg\u00edts\u00e9get ny\u00fajtani \u00d6nnek.<\/p>\t\t\t\t\t\t\t\t<\/div>\n\t\t\t\t\t<\/div>\n\t\t\t\t<\/div>\n\t\t<div class=\"elementor-element elementor-element-ac047b3 e-grid e-con-boxed e-con e-parent\" data-id=\"ac047b3\" data-element_type=\"container\" data-e-type=\"container\">\n\t\t\t\t\t<div class=\"e-con-inner\">\n\t\t\t\t<div class=\"elementor-element elementor-element-95fb3cd elementor-widget elementor-widget-counter\" data-id=\"95fb3cd\" data-element_type=\"widget\" data-e-type=\"widget\" data-widget_type=\"counter.default\">\n\t\t\t\t\t\t\t<div class=\"elementor-counter\">\n\t\t\t<div class=\"elementor-counter-title\">Alap\u00edt\u00e1s \u00e9ve<\/div>\t\t\t<div class=\"elementor-counter-number-wrapper\">\n\t\t\t\t<span class=\"elementor-counter-number-prefix\"><\/span>\n\t\t\t\t<span class=\"elementor-counter-number\" data-duration=\"2000\" data-to-value=\"2006\" data-from-value=\"0\">0<\/span>\n\t\t\t\t<span class=\"elementor-counter-number-suffix\"><\/span>\n\t\t\t<\/div>\n\t\t<\/div>\n\t\t\t\t\t\t<\/div>\n\t\t\t\t<div class=\"elementor-element elementor-element-675b2b1 elementor-widget elementor-widget-counter\" data-id=\"675b2b1\" data-element_type=\"widget\" data-e-type=\"widget\" data-widget_type=\"counter.default\">\n\t\t\t\t\t\t\t<div class=\"elementor-counter\">\n\t\t\t<div class=\"elementor-counter-title\">\u00c9v Tapasztalat<\/div>\t\t\t<div class=\"elementor-counter-number-wrapper\">\n\t\t\t\t<span class=\"elementor-counter-number-prefix\"><\/span>\n\t\t\t\t<span class=\"elementor-counter-number\" data-duration=\"2000\" data-to-value=\"20\" data-from-value=\"0\">0<\/span>\n\t\t\t\t<span class=\"elementor-counter-number-suffix\"><\/span>\n\t\t\t<\/div>\n\t\t<\/div>\n\t\t\t\t\t\t<\/div>\n\t\t\t\t<div class=\"elementor-element elementor-element-66d8029 elementor-widget elementor-widget-counter\" data-id=\"66d8029\" data-element_type=\"widget\" data-e-type=\"widget\" data-widget_type=\"counter.default\">\n\t\t\t\t\t\t\t<div class=\"elementor-counter\">\n\t\t\t<div class=\"elementor-counter-title\">Kiszolg\u00e1lt partner<\/div>\t\t\t<div class=\"elementor-counter-number-wrapper\">\n\t\t\t\t<span class=\"elementor-counter-number-prefix\"><\/span>\n\t\t\t\t<span class=\"elementor-counter-number\" data-duration=\"2000\" data-to-value=\"1000\" data-from-value=\"0\">0<\/span>\n\t\t\t\t<span class=\"elementor-counter-number-suffix\">+<\/span>\n\t\t\t<\/div>\n\t\t<\/div>\n\t\t\t\t\t\t<\/div>\n\t\t\t\t\t<\/div>\n\t\t\t\t<\/div>\n\t\t\t\t<\/div>\n\t\t","protected":false},"excerpt":{"rendered":"<p>20 \u00e9ve az \u00e1llat \u00e9s a gazdik szolg\u00e1lat\u00e1ban Ismerje meg a Boldog Buldog Kft t\u00f6rt\u00e9net\u00e9t \u00e9s k\u00fcldet\u00e9s\u00e9t A t\u00f6rt\u00e9net\u00fcnk A [&hellip;]<\/p>\n","protected":false},"author":1,"featured_media":0,"parent":0,"menu_order":0,"comment_status":"closed","ping_status":"closed","template":"","meta":{"site-sidebar-layout":"no-sidebar","site-content-layout":"","ast-site-content-layout":"full-width-container","site-content-style":"default","site-sidebar-style":"default","ast-global-header-display":"","ast-banner-title-visibility":"","ast-main-header-display":"","ast-hfb-above-header-display":"","ast-hfb-below-header-display":"","ast-hfb-mobile-header-display":"","site-post-title":"disabled","ast-breadcrumbs-content":"","ast-featured-img":"disabled","footer-sml-layout":"","ast-disable-related-posts":"","theme-transparent-header-meta":"","adv-header-id-meta":"","stick-header-meta":"","header-above-stick-meta":"","header-main-stick-meta":"","header-below-stick-meta":"","astra-migrate-meta-layouts":"default","ast-page-background-enabled":"default","ast-page-background-meta":{"desktop":{"background-color":"var(--ast-global-color-5)","background-image":"","background-repeat":"repeat","background-position":"center center","background-size":"auto","background-attachment":"scroll","background-type":"","background-media":"","overlay-type":"","overlay-color":"","overlay-opacity":"","overlay-gradient":""},"tablet":{"background-color":"","background-image":"","background-repeat":"repeat","background-position":"center center","background-size":"auto","background-attachment":"scroll","background-type":"","background-media":"","overlay-type":"","overlay-color":"","overlay-opacity":"","overlay-gradient":""},"mobile":{"background-color":"","background-image":"","background-repeat":"repeat","background-position":"center center","background-size":"auto","background-attachment":"scroll","background-type":"","background-media":"","overlay-type":"","overlay-color":"","overlay-opacity":"","overlay-gradient":""}},"ast-content-background-meta":{"desktop":{"background-color":"var(--ast-global-color-4)","background-image":"","background-repeat":"repeat","background-position":"center center","background-size":"auto","background-attachment":"scroll","background-type":"","background-media":"","overlay-type":"","overlay-color":"","overlay-opacity":"","overlay-gradient":""},"tablet":{"background-color":"var(--ast-global-color-4)","background-image":"","background-repeat":"repeat","background-position":"center center","background-size":"auto","background-attachment":"scroll","background-type":"","background-media":"","overlay-type":"","overlay-color":"","overlay-opacity":"","overlay-gradient":""},"mobile":{"background-color":"var(--ast-global-color-4)","background-image":"","background-repeat":"repeat","background-position":"center center","background-size":"auto","background-attachment":"scroll","background-type":"","background-media":"","overlay-type":"","overlay-color":"","overlay-opacity":"","overlay-gradient":""}},"footnotes":""},"class_list":["post-14","page","type-page","status-publish","hentry"],"_links":{"self":[{"href":"https:\/\/boldogbuldog.hu\/index.php\/wp-json\/wp\/v2\/pages\/14","targetHints":{"allow":["GET"]}}],"collection":[{"href":"https:\/\/boldogbuldog.hu\/index.php\/wp-json\/wp\/v2\/pages"}],"about":[{"href":"https:\/\/boldogbuldog.hu\/index.php\/wp-json\/wp\/v2\/types\/page"}],"author":[{"embeddable":true,"href":"https:\/\/boldogbuldog.hu\/index.php\/wp-json\/wp\/v2\/users\/1"}],"replies":[{"embeddable":true,"href":"https:\/\/boldogbuldog.hu\/index.php\/wp-json\/wp\/v2\/comments?post=14"}],"version-history":[{"count":7,"href":"https:\/\/boldogbuldog.hu\/index.php\/wp-json\/wp\/v2\/pages\/14\/revisions"}],"predecessor-version":[{"id":193,"href":"https:\/\/boldogbuldog.hu\/index.php\/wp-json\/wp\/v2\/pages\/14\/revisions\/193"}],"wp:attachment":[{"href":"https:\/\/boldogbuldog.hu\/index.php\/wp-json\/wp\/v2\/media?parent=14"}],"curies":[{"name":"wp","href":"https:\/\/api.w.org\/{rel}","templated":true}]}}